(9). Suppose -z*s = -5*f - 10, -3*f - 2*s = s - w. What is the units digit of f?
3
Suppose 5*y + 2 = 6*y. Let s(j) = -4 + 6*j**2 + 27*j - 6*j**y + 2 - 2*j**2. What is the units digit of s(13)?
1
Suppose -b + 3*o + 441 + 77 = 0, -b = -2*o - 521. Suppose b + 1985 = 2*y. What is the hundreds digit of y?
2
Suppose 0*p - 3*s - 23 = -4*p, 0 = -4*p - 3*s - 7. Suppose -p*z = v - 1314, 1961 = 3*z + v + 3*v. What is the hundreds digit of z?
6
Let n be (-6 + -28)*(-1)/2. Suppose n*v = 11*v + 150. What is the units digit of 230/(-3)*(-30)/v?
2
Suppose -120*q + 826810 = -376550. What is the units digit of q?
8
Suppose o + 3*b + 1 + 1 = 0, -5*b = 4*o + 8. Let g(q) be the third derivative of -2*q**4 - 5*q**3/6 + 44*q**2 - 1. What is the units digit of g(o)?
1
Let j = -76377 - -117598. What is the hundreds digit of j?
2
Let r = 9697 - 9693. What is the units digit of r?
4
Suppose 102*k - 5160072 = -32*k. What is the ten thousands digit of k?
3
Suppose 4*g - 2*s - 138 = 0, 2*s + 27 + 12 = g. Suppose 3*z = -p + 71, -z + 60 - g = 2*p. What is the tens digit of z?
2
Suppose 24*t = 599 - 1631. What is the units digit of -36 - t - 334/(-1)?
1
Let a = -35 - -179. Suppose -23*h + 18*h + 10 = -2*r, -3*r = -2*h - 7. Suppose h*f = 12*f - a. What is the units digit of f?
8
Let g be (-18)/(9/(-3)) + -19. Let u(v) = 5*v**2 + 5*v - 15. What is the hundreds digit of u(g)?
7
Let x be (-3 + (-26 - -5))/((-6)/8). Suppose 5*m + 12 = x. Let o(b) = 4*b**2 - 2. What is the tens digit of o(m)?
6
Let d = -48 + 97. Suppose -s - d = -169. What is the tens digit of s?
2
What is the tens digit of 958 - (0 - 2)*275/50?
6
Let z be -3 + (-3 - (-1 + 0 - 20)). Suppose 6*b - 9 = z. Suppose 0 = -3*d + 5*v - 0 + 31, -b*d = -4*v - 44. What is the tens digit of d?
1
Let r(d) = 3387*d**3 - 2*d**2 + 4*d - 1. What is the tens digit of r(1)?
8
Let s be ((-2)/8)/(8/(-128)). What is the tens digit of 1038/s - (15/2)/(-15)?
6
Suppose -6*k = 2*k - 32. Suppose 7*i = 4*i + 12. Suppose 0 = -2*x + i*j + 186, -x - x - k*j + 154 = 0. What is the tens digit of x?
8
Suppose -m = b + 138 + 53, -4*m - 570 = 3*b. Let k = b - -608. Suppose 12*h - k = 3*h. What is the tens digit of h?
4
Suppose -s + 4519 + 5 = -0*s. What is the thousands digit of s?
4
Let f be 2 - (76/4 - 1). Let w be ((-10)/3)/(f/24). Suppose -2*g + g = -h + 38, -w*g + 140 = 5*h. What is the units digit of h?
3
Let x(j) = -j**2 + j + 2. Let y be x(-5). Let b = y + 28. Suppose -3*o - 4*s + 181 = b, 5*s = 2*o - 90 - 69. What is the tens digit of o?
6
Let a(t) = -t**3 - 11*t**2 - 27*t - 20. Let h be a(-8). Suppose -4674 = -h*y - 15*y. What is the units digit of y?
6
Suppose c = -c - 4*o + 118, -5*c + 5*o = -325. Let g = c - 118. Let z = g + 80. What is the tens digit of z?
2
Let a(d) = 2*d**3 - 39*d**2 + 6*d + 36. Suppose 382 = 23*r - 78. What is the hundreds digit of a(r)?
5
Suppose -16*s + 2*j + 22 = -14*s, -j = -1. What is the tens digit of (-8)/3*(-18)/s + 48?
5
What is the ten thousands digit of (24/16)/(123/1626716)?
1
Suppose 20*w + 367458 = -32*w + 58*w. What is the units digit of w?
3
Suppose 4*d + 2*r - 34094 = 0, 6*r - 3 = 5*r. What is the units digit of d?
2
Suppose 1233 = h + 316. Suppose 3773 = 21*p + h. What is the units digit of p?
6
Let o = -12 - 0. Let p be (2 - o)*-2*(-4)/16. Suppose -p*a = -2*a - 505. What is the hundreds digit of a?
1
Suppose 4*h - 12 = 5*r, -15 = -r - 0*h - 5*h. Suppose r - 5 = -q. Suppose d + 428 = q*d. What is the hundreds digit of d?
1
Suppose -174*h = 81*h - 7161420. What is the ten thousands digit of h?
2
Let b = 1339 - -367. Suppose 16 = v - 5*v, -5*z + b = -4*v. What is the units digit of z?
8
What is the units digit of (292/7 + (-316)/(-1106))/((-1)/(-2))?
4
Let i = -1198 + 1345. Suppose 3*f = -5*a - 243, 2*f - a + 6*a = -162. Let h = f + i. What is the tens digit of h?
6
Let w = -31 + 68. Let q = -35 + w. Suppose 3*n = -4*z + 745, 0 = 4*z - 2*n - q*n - 724. What is the units digit of z?
4
Let p = 154 + -154. Suppose -20*o - 241 + 1081 = p. What is the tens digit of o?
4
What is the thousands digit of -16*(2/(-4))/(((-78)/13368)/(-13))?
7
Suppose 3*u + 4*j + 376 = 0, -4*u + 8*u - 4*j = -520. Let f = u + 132. What is the hundreds digit of (-2)/(32/(-4284)) + f/16?
2
Let v(p) = -17*p**3 + p**2 + 2. Let b = -166 + 163. What is the units digit of v(b)?
0
What is the units digit of 9/15 - (-29)/(1740/66624)?
1
Suppose 1204849 + 673927 + 1341689 = 89*s. What is the hundreds digit of s?
1
Suppose 3*v = -4*j - 2*v + 89, 2*j + 4*v = 46. Suppose -24*q + j*q + 900 = 0. What is the hundreds digit of q?
3
Let b(u) = 58*u**2 - 39*u + 901. What is the thousands digit of b(21)?
5
Suppose -5*w + 4*w = -5*h - 27, 0 = -3*w + 3*h + 21. What is the tens digit of ((-387)/180 + w/5)*-64?
1
Let l = 16520 + -7342. What is the thousands digit of l?
9
Let y be 7/4 + (-3)/(-12). Suppose 2*l = -6, -n + 82 = -y*l - 2*l. What is the tens digit of n?
7
Suppose 0 = -5*f + 5*b + 48875, 5*f + 21419 = 4*b + 70293. What is the tens digit of f?
7
Suppose 784*n - 741*n - 198993 = 1220910. What is the units digit of n?
1
Let i(n) = 28*n**2 + 380*n + 5. What is the hundreds digit of i(-23)?
0
Suppose 7*x - 2*h - 532 - 28375 = 0, -4*x = 3*h - 16539. What is the hundreds digit of x?
1
Let u = -5071 - -13848. What is the thousands digit of u?
8
Let d = 285 - 87. What is the units digit of d/4 + (2 - 3/2)?
0
Suppose 44*a - 3*s = 49*a - 145449, 5*s - 145455 = -5*a. What is the tens digit of a?
8
Let g be ((2 - 1)*-156)/(3/22). Let j = g + 1726. What is the hundreds digit of j?
5
Let y(s) = 1757*s**2 + 152*s + 452. What is the units digit of y(-3)?
9
Let u = -31824 - -49712. What is the units digit of u?
8
Suppose 28*i - 8*i + 10*i = 400230. What is the hundreds digit of i?
3
Suppose 4*p + 492 = -k - 77, 4*p + 4*k + 584 = 0. Let a = p - -242. What is the hundreds digit of a?
1
Suppose -370*y + 1284560 = -5886780. What is the ten thousands digit of y?
1
Let w(y) = 2*y**2 - 29*y - 11. Let d be w(16). Let b = 511 + d. Suppose u - b = -4*f + 5*u, 701 = 5*f - u. What is the tens digit of f?
4
Suppose 466*c - 5287882 = 2363564 + 2662532. What is the thousands digit of c?
2
Suppose 5*c = 533 - 388. Let b = 891 - c. What is the units digit of b?
2
Suppose -26*u + 43*u - 19*u = -30698. What is the hundreds digit of u?
3
Let a = -1342 + 621. Let y = 280 - a. Suppose -8*u = -u - y. What is the hundreds digit of u?
1
Suppose 3*t + 8 = -2*d, 36*t = 2*d + 38*t + 6. What is the hundreds digit of (4 + (-2 - d))*207?
6
Let y(i) = -i**2 - 5*i + 14. Let p be y(-7). Suppose -7*z + 18*z = p. Suppose z = -0*b + 3*b, 5*b - 60 = -3*j. What is the units digit of j?
0
Let l be (4/(-8))/(1/6). Let s(d) = d**3 + d**2 + d + 1. Let p(z) = -4*z**3 - 3*z**2 + 6*z + 2. Let o(m) = p(m) + s(m). What is the tens digit of o(l)?
4
Let r = 50 - 248. What is the hundreds digit of (r/(-45))/(4/160)?
1
Let a = 219 - 79. Suppose a*w + 3766 = 147*w. What is the tens digit of w?
3
Let l(u) = 2*u + 1. Let p be l(1). Suppose 0 = -2*t + 11 - 9, 2*t = -p*j + 464. What is the units digit of j?
4
Suppose -271*p = -269*p - 8717 - 821. What is the tens digit of p?
6
Let y(w) = w**2 - 22*w - 123. Let d be y(-5). Suppose 4*b - 2*b = 1670. Suppose 0 = d*v - 7*v - b. What is the hundreds digit of v?
1
Suppose -3*n + i = -2550, -5*i - 1355 - 1207 = -3*n. What is the hundreds digit of n?
8
What is the tens digit of 5 - (-30809 - (20/12 + (-8)/(-6)))?
1
What is the tens digit of -22 + 1037720/110 - 6/(-33)?
1
Suppose -5*b + 372 = b. Suppose 4*h = -5*z + 96, 0 = -2*h - 5*z + 6*z + b. What is the tens digit of h?
2
Suppose -3*p + 6*p + 13 = 5*o, -5*p = -4*o + 13. Suppose -6*i = o*i - 232. Let s = 129 - i. What is the units digit of s?
0
Suppose -10*s = 4*o - 421280, -4*s = -23*o + 20*o - 168489. What is the ten thousands digit of s?
4
Let s(x) = -12*x**2 - x + 14. Let b(j) = -6*j**2 - j + 6. Let o(g) = -5*b(g) + 2*s(g). Let y be o(3). Let p = 152 - y. What is the units digit of p?
1
Suppose 2*k - 110*t = -115*t + 23749, 0 = -6*k - 4*t + 71280. What is the tens digit of k?
8
Suppose 2*k = -3*k + 20. Suppose 314 = k*t - 1114. Suppose n - 201 = -5*h, 626 + t = 5*n + 3*h. What is the tens digit of n?
9
Let w = -3123 - -1853. Let l = 2316 + w. What is the units digit of l?
6
Let c be (-6 - (3 + 0))*(-8 - -7). What